 factor of 707069?
False
Is 6 a factor of 105333?
False
Is 356628 a multiple of 162?
False
Does 513 divide 9765981?
True
Is 481838 a multiple of 2?
True
Is 6 a factor of 2515?
False
Is 3239155 a multiple of 445?
True
Is 776218 a multiple of 286?
False
Does 7 divide 168812?
True
Is 2523830 a multiple of 7?
False
Is 25263 a multiple of 14?
False
Is 323 a factor of 13287897?
True
Is 514556 a multiple of 16?
False
Does 112 divide 1560272?
True
Does 121 divide 1190484?
False
Is 93852 a multiple of 27?
True
Does 58 divide 7013548?
False
Is 16 a factor of 13536150?
False
Is 876589 a multiple of 667?
False
Is 305865 a multiple of 34?
False
Is 17 a factor of 9469?
True
Does 7 divide 2058?
True
Is 10 a factor of 175900?
True
Is 4 a factor of 20787?
False
Is 171072 a multiple of 96?
True
Is 909 a factor of 1008387?
False
Is 285125 a multiple of 3?
False
Is 220 a factor of 17197142?
False
Does 29 divide 419111?
False
Does 5 divide 1039075?
True
Is 76 a factor of 120322?
False
Does 23 divide 194327?
True
Does 92 divide 2970128?
True
Does 218 divide 2825716?
True
Is 112 a factor of 224430?
False
Is 142590 a multiple of 5?
True
Does 3 divide 120360?
True
Is 99 a factor of 81388?
False
Is 109 a factor of 725132?
False
Is 587 a factor of 307588?
True
Does 128 divide 5224752?
False
Is 4 a factor of 38302?
False
Is 2546040 a multiple of 433?
True
Is 7123088 a multiple of 52?
False
Is 48071 a multiple of 5?
False
Is 63 a factor of 37611?
True
Does 23 divide 20971515?
True
Is 1428059 a multiple of 222?
False
Is 2663 a multiple of 14?
False
Does 5 divide 24884?
False
Does 2 divide 2440?
True
Does 147 divide 1887653?
False
Does 906 divide 1046430?
True
Is 20301820 a multiple of 16?
False
Is 82632 a multiple of 264?
True
Is 5479240 a multiple of 471?
False
Is 33 a factor of 140052?
True
Is 7 a factor of 126895?
False
Does 1725 divide 9464618?
False
Is 1343680 a multiple of 320?
True
Is 87 a factor of 163125?
True
Does 182 divide 416416?
True
Is 320814 a multiple of 29?
False
Does 41 divide 2208331?
False
Is 92811 a multiple of 5?
False
Is 33 a factor of 641619?
True
Does 89 divide 1557144?
True
Does 56 divide 3623056?
False
Is 138204 a multiple of 11?
True
Is 1619 a factor of 7144647?
True
Is 17 a factor of 53232?
False
Is 246058 a multiple of 78?
False
Is 81 a factor of 238862?
False
Is 12116 a multiple of 2?
True
Is 39501 a multiple of 171?
True
Is 18 a factor of 8593122?
False
Is 5471896 a multiple of 118?
True
Is 1736934 a multiple of 337?
False
Does 30 divide 171060?
True
Is 4313860 a multiple of 5?
True
Is 2802328 a multiple of 18?
False
Is 6832437 a multiple of 141?
True
Is 639 a factor of 3450600?
True
Does 145 divide 30102563?
False
Is 189499 a multiple of 17?
True
Is 139517 a multiple of 21?
False
Is 32 a factor of 324124?
False
Is 594 a factor of 12294296?
False
Is 9 a factor of 1403802?
True
Is 29852 a multiple of 34?
True
Is 1657801 a multiple of 2?
False
Is 1663348 a multiple of 61?
True
Does 306 divide 10897578?
True
Is 87 a factor of 164202?
False
Is 26 a factor of 1611194?
True
Is 225500 a multiple of 20?
True
Is 426 a factor of 146970?
True
Does 255 divide 2668320?
True
Does 12 divide 570552?
True
Is 28908 a multiple of 73?
True
Does 108 divide 72328?
False
Is 18105258 a multiple of 37?
False
Does 5 divide 40692?
False
Is 1639 a factor of 10139181?
False
Does 36 divide 4121424?
True
Is 1900 a multiple of 10?
True
Is 1236110 a multiple of 97?
False
Is 482071 a multiple of 13?
False
Is 13 a factor of 4808699?
False
Is 20 a factor of 1761419?
False
Is 140 a factor of 650860?
True
Does 12 divide 790403?
False
Does 50 divide 1142650?
True
Is 31 a factor of 1727828?
False
Is 269 a factor of 6401393?
True
Does 51 divide 1452327?
True
Is 6 a factor of 201054?
True
Does 18 divide 6214104?
True
Does 20 divide 77018?
False
Is 120 a factor of 22080?
True
Is 163 a factor of 950073?
False
Does 6 divide 142014?
True
Is 14 a factor of 1374827?
False
Is 36 a factor of 195336?
True
Does 98 divide 384552?
True
Does 323 divide 1421846?
True
Is 300 a factor of 246695?
False
Is 108612 a multiple of 126?
True
Is 43 a factor of 172817?
True
Is 643451 a multiple of 141?
False
Does 435 divide 4110181?
False
Does 13 divide 84526?
True
Is 201918 a multiple of 10?
False
Does 95 divide 197944?
False
Does 68 divide 3469496?
True
Does 14 divide 126518?
True
Does 19 divide 58748?
True
Is 39110 a multiple of 18?
False
Is 5280900 a multiple of 21?
False
Does 26 divide 3838180?
False
Does 362 divide 67055?
False
Is 23824306 a multiple of 1067?
False
Is 2845892 a multiple of 41?
True
Is 108 a factor of 16391?
False
Does 204 divide 319502?
False
Is 11 a factor of 179484?
False
Is 11512897 a multiple of 11?
True
Is 10111766 a multiple of 16?
False
Is 8 a factor of 168571?
False
Is 673 a factor of 4074342?
True
Does 456 divide 603744?
True
Is 18282 a multiple of 3?
True
Does 23 divide 8924?
True
Is 227 a factor of 179579?
False
Is 7012 a multiple of 64?
False
Is 91 a factor of 773864?
True
Does 25 divide 172996?
False
Is 16 a factor of 4246848?
True
Is 17 a factor of 713422?
True
Is 139 a factor of 331793?
True
Is 55 a factor of 1877963?
False
Does 18 divide 873396?
True
Is 61 a factor of 1944148?
False
Does 185 divide 730236?
False
Is 3187250 a multiple of 11?
True
Does 23 divide 129262?
False
Is 28 a factor of 2222584?
True
Is 452633 a multiple of 129?
False
Is 34 a factor of 90270?
True
Is 23 a factor of 24521?
False
Does 28 divide 140221?
False
Does 6 divide 307867?
False
Is 104 a factor of 29502200?
True
Is 275125 a multiple of 25?
True
Is 5 a factor of 252668?
False
Does 83 divide 96468?
False
Is 533664 a multiple of 3?
True
Is 286 a factor of 382668?
True
Is 19480419 a multiple of 141?
True
Is 13 a factor of 1345656?
True
Is 15489461 a multiple of 13?
True
Is 4 a factor of 322784?
True
Does 190 divide 84532?
False
Is 12 a factor of 3461676?
True
Does 14 divide 221172?
True
Is 754850 a multiple of 50?
True
Is 91773 a multiple of 33?
True
Does 3 divide 537394?
False
Is 14 a factor of 1245412?
True
Is 201 a factor of 23296?
False
Does 41 divide 3280?
True
Is 10074496 a multiple of 50?
False
Is 8744 even?
True
Is 1346839 a multiple of 331?
True
Is 175 a factor of 1093468?
False
Does 271 divide 44444?
True
Is 209719 a multiple of 2043?
False
Is 188458 a multiple of 12?
False
Does 20 divide 1077620?
True
Does 48 divide 2841849?
False
Is 255 a factor of 288405?
True
Does 458 divide 273426?
True
Is 111910 a multiple of 40?
False
Is 33180 a multiple of 154?
False
Is 81880 a multiple of 8?
True
Is 7240802 a multiple of 1261?
False
Is 180 a factor of 211457?
False
Does 155 divide 2675412?
False
Is 89 a factor of 538696?
False
Does 6 divide 135032?
False
Does 18 divide 1957785?
False
Is 357 a factor of 4411092?
True
Is 775457 a multiple of 427?
False
Does 122 divide 133883?
False
Is 4993974 a multiple of 261?
True
Is 419 a factor of 63269?
True
Is 941808 a multiple of 7?
True
Does 26 divide 104660?
False
Is 57408 a multiple of 6?
True
Is 1174340 a multiple of 39?
False
Is 1047 a factor of 101898?
False
Does 68 divide 33592?
True
Does 116 divide 348928?
True
Is 33761 a multiple of 58?
False
Is 69184 a multiple of 92?
True
Does 8 divide 1869888?
True
Does 307 divide 8778358?
True
Is 376401 a multiple of 37?
True
Does 152 divide 438368?
True
Is 26 a factor of 12648?
False
Is 6345 a multiple of 2?
False
Is 360526 a multiple of 42?
False
Is 1607940 a multiple of 5?
True
Does 210 divide 1134210?
True
Is 7712010 a multiple of 82?
False
Is 2009950 a multiple of 25?
True
Is 303 a factor of 1150447?
False
Does 8 divide 8092624?
True
Is 31 a factor of 15592256?
True
Is 1499676 a multiple of 141?
True
Is 1041237 a multiple of 106?
False
Does 1272 divide 830469?
False
Is 69 a factor of 44022?
True
Does 353 divide 326878?
True
Is 29834123 a multiple of 19?
True
Is 25 a factor of 6377850?
True
Does 174 divide 298122?
False
Is 88 a factor of 248874?
False
Does 293 divide 202463?
True
Is 671036 a multiple of 151?
False
Is 115 a factor of 8179959?
False
Does 5 divide 7830?
True
Does 956 divide 2120203?
False
Is 10536 a multiple of 4?
True
Is 61441 a multiple of 125?
False
Does 91 divide 6349061?
False
Is 2023 a factor of 12937085?
True
Does 29 divide 1415780?
True
Does 41 divide 162238?
False
Is 364 a fact